09 a prime number?
False
Is 41426873 composite?
False
Is 9919952093 composite?
True
Is 8029612763 a prime number?
True
Is 3332567539 a composite number?
True
Is 632337763 a prime number?
False
Is 3529966613 composite?
False
Is 791164081 composite?
True
Is 3600821707 composite?
True
Is 61121923 prime?
True
Is 2593009871 a composite number?
False
Is 21407560717 a prime number?
False
Is 3150932639 prime?
True
Is 5463545099 a composite number?
False
Is 210802043 a composite number?
False
Is 397859659 prime?
False
Is 1401231347 composite?
True
Is 3704310277 composite?
False
Is 27336916741 composite?
True
Is 1127207371 composite?
True
Is 1218798739 composite?
True
Is 247018811 prime?
False
Is 7850680633 a composite number?
True
Is 20399417083 a prime number?
False
Is 926688629 a composite number?
True
Is 45148313821 composite?
True
Is 1054558021 a composite number?
True
Is 62306827 composite?
True
Is 352271219 composite?
False
Is 2518093289 a composite number?
False
Is 1244964469 prime?
False
Is 24435135217 prime?
True
Is 2224939133 a prime number?
False
Is 957527353 prime?
True
Is 70715413 composite?
False
Is 1677850577 a composite number?
True
Is 554478497 prime?
True
Is 384520349 prime?
False
Is 2449497283 a composite number?
False
Is 54535394203 prime?
True
Is 41629194083 prime?
False
Is 4266140315 composite?
True
Is 4300771109 a prime number?
False
Is 2475460159 prime?
True
Is 7635771953 composite?
True
Is 35585189 composite?
False
Is 6383993309 a prime number?
False
Is 543482549 prime?
False
Is 7391341561 a composite number?
False
Is 10495557661 a composite number?
False
Is 23192543113 a composite number?
True
Is 573397727 a composite number?
True
Is 3911784893 composite?
True
Is 15376986827 composite?
False
Is 1504287203 a composite number?
True
Is 201818641 prime?
True
Is 25554019 composite?
False
Is 1195256833 prime?
False
Is 1803611437 a prime number?
True
Is 20128708097 a composite number?
False
Is 17630211893 composite?
True
Is 839618419 a prime number?
True
Is 2671394171 a prime number?
True
Is 7639176817 prime?
True
Is 1499735071 prime?
True
Is 60014110769 composite?
False
Is 143214071087 a composite number?
False
Is 26702119 a prime number?
True
Is 337153589 a prime number?
True
Is 195400447 a prime number?
False
Is 1055481389 a prime number?
True
Is 391509379 prime?
False
Is 1766165567 a prime number?
True
Is 46358650409 composite?
True
Is 2414179111 a prime number?
False
Is 4491612943 a composite number?
False
Is 32320336109 a prime number?
True
Is 42577701767 composite?
False
Is 2867651537 a prime number?
False
Is 68642859253 prime?
True
Is 3730460719 a prime number?
False
Is 1013974963 a composite number?
True
Is 21029286027 a prime number?
False
Is 258924817 prime?
True
Is 1357721203 composite?
False
Is 6599867203 composite?
False
Is 65023739281 composite?
True
Is 27829777207 prime?
False
Is 82604078071 composite?
False
Is 132276529013 composite?
False
Is 7021244499 prime?
False
Is 193466339683 a prime number?
True
Is 1914352309 prime?
True
Is 875232577 a composite number?
False
Is 1084574506 a prime number?
False
Is 10147020373 prime?
False
Is 1666071821 prime?
True
Is 337548223 a prime number?
False
Is 3828855003 composite?
True
Is 9604577 prime?
False
Is 57790057529 a prime number?
False
Is 67683402971 a composite number?
False
Is 3686999737 prime?
True
Is 31185730103 prime?
False
Is 8255413679 a prime number?
True
Is 32433483497 a prime number?
True
Is 819017063 a composite number?
False
Is 1972251739 a prime number?
False
Is 5134924437 composite?
True
Is 921516863 composite?
True
Is 238913557 a composite number?
False
Is 84525210233 prime?
True
Is 18190466831 prime?
True
Is 11232603859 prime?
True
Is 3538517783 a composite number?
False
Is 412236401 a composite number?
False
Is 1207049665 prime?
False
Is 943828547 a composite number?
False
Is 3937291367 composite?
True
Is 2075325071 prime?
True
Is 1741346545 prime?
False
Is 8371542071 prime?
True
Is 201930829 composite?
True
Is 18365746463 a prime number?
True
Is 3052869047 prime?
True
Is 12668995673 a prime number?
False
Is 9607385 prime?
False
Is 241885521365 a prime number?
False
Is 14837129 a composite number?
False
Is 4873305277 a prime number?
False
Is 200414813 composite?
True
Is 19772229181 composite?
False
Is 2221921363 prime?
False
Is 2614581677 prime?
True
Is 3568696403 composite?
True
Is 7348507123 prime?
True
Is 4876962437 composite?
False
Is 982327729 prime?
False
Is 1393836253 prime?
False
Is 4588759183 a composite number?
False
Is 45084108863 prime?
False
Is 964926147 a composite number?
True
Is 29378779099 prime?
True
Is 24219609943 a composite number?
False
Is 968823127 a prime number?
True
Is 2250079889 a composite number?
False
Is 5029112317 a composite number?
True
Is 824724239 a prime number?
False
Is 165506453 a prime number?
False
Is 158539354543 a composite number?
False
Is 130407892291 a composite number?
True
Is 253566783887 a prime number?
False
Is 311392096523 prime?
False
Is 27980664641 prime?
False
Is 7564329911 a prime number?
False
Is 13999106411 a composite number?
False
Is 75525379 a prime number?
True
Is 3034995797 a prime number?
False
Is 234727589 composite?
True
Is 38744369233 prime?
False
Is 1239127577 composite?
False
Is 8577054049 prime?
False
Is 22088809999 a prime number?
True
Is 3647760707 a composite number?
False
Is 15797082089 prime?
True
Is 126949033933 composite?
True
Is 4550860919 a prime number?
False
Is 956678207 a prime number?
True
Is 34342751 a prime number?
False
Is 1335978853 a composite number?
True
Is 2753503783 a prime number?
True
Is 154118969 prime?
False
Is 7068099029 prime?
True
Is 994382593 prime?
True
Is 5178547499 a prime number?
True
Is 201506941 prime?
False
Is 29831761 composite?
False
Is 6896009299 composite?
True
Is 1974432533 prime?
False
Is 2321578879 a prime number?
True
Is 1891954763 composite?
False
Is 28085331863 composite?
True
Is 1111810499 a composite number?
False
Is 156167741 a prime number?
True
Is 110854103 composite?
False
Is 4203924603 composite?
True
Is 25195954559 composite?
True
Is 2272735118 composite?
True
Is 35819016931 a composite number?
True
Is 2477260169 a prime number?
True
Is 195993031343 a prime number?
False
Is 10231704097 a prime number?
True
Is 8829488959 prime?
True
Is 204100541789 a composite number?
False
Is 875278993 a composite number?
True
Is 263369493097 composite?
False
Is 147008861 composite?
False
Is 6395578921 a prime number?
True
Is 10901809879 composite?
True
Is 67642076786 composite?
True
Is 949309919 a prime number?
False
Is 188849123 a composite number?
True
Is 2379013033 a composite number?
False
Is 217922849 a prime number?
False
Is 261200939 prime?
False
Is 1140320737 a composite number?
True
Is 3245137333 a composite number?
False
Is 2124044083 composite?
True
Is 2250558953 prime?
False
Is 111062562199 a composite number?
False
Is 67154887147 a composite number?
False
Is 32199929 a composite number?
False
Is 8811281681 a prime number?
True
Is 223198160239 a prime number?
True
Is 110272949818 prime?
False
Is 1850044171 prime?
False
Is 22809116909 prime?
True
Is 1822694087 a composite number?
True
Is 10817741251 a prime number?
False
Is 1728188723 a prime number?
True
Is 1245705739 a composite number?
False
Is 7260533741 prime?
True
Is 593018429 a prime number?
False
Is 1112442007 composite?
True
Is 2241811339 composite?
True
Is 54288053869 a composite number?
True
Is 700929763 a composite number?
False
Is 48231817 a composite number?
False
Is 652944569 composite?
True
Is 50092692421 a prime number?
False
Is 6766583209 prime?
False
Is 27761091509 a prime number?
True
Is 1437458023 a prime number?
True
Is 1212948799 a composite number?
True
Is 38649682073 prime?
False
Is 2833763059 composite?
False
Is 5000607383 a composite number?
True
Is 9400372747 a prime number?
False
Is 161685157 composite?
False
Is 42959781391 prime?
False
Is 8596985395 a composite number?
True
Is 111664026109 composite?
False
Is 7615269241 prime?
True
Is 1359990733 composite?
False
Is 364844359 composite?
True
Is 1163583613 a prime number?
False
Is 7531438553 a prime number?
False
Is 2606946227 composite?
True
Is 5338380547 a prime number?
False
Is 11637008479 prime?
True
Is 89